 + 4*f. What is the tens digit of w?
0
Suppose 3*w + 1 = -11. Let a be 6/w*(-316)/(-6). Let v = a - -111. What is the tens digit of v?
3
Suppose 56*i = 53*i + 942. What is the hundreds digit of i?
3
Let c(z) = 61*z**2 + z - 2. Let p be (-1)/(0/3 - 1). What is the units digit of c(p)?
0
Let k be (-2)/12 - 364/(-24). What is the tens digit of (-3)/k + 386/5?
7
Suppose 1274 = 4*f + 310. What is the hundreds digit of f?
2
Let f = -17 - -15. Let m be f/4 + 437/38. Let t(q) = q**3 - 11*q**2 + 5*q. What is the units digit of t(m)?
5
Let j = -289 - -890. What is the units digit of j?
1
Let r(f) = f + 12. Suppose -y - 18 = -5*w, -3*y = -0*y + 4*w - 22. Let o be (-1 - y/(-2))/1. What is the units digit of r(o)?
2
Let d = -156 - -508. What is the tens digit of d?
5
Let d be (-14)/(-70) - 178/(-10). Suppose 0 = 2*s - 3*x - 37, 0 = s + 2*x - d - 18. What is the units digit of s?
6
Let t be 5/(-15)*0/(-4). Let z(y) = y**2 - y + 79. What is the tens digit of z(t)?
7
Suppose 0 = 7*c - 3*c. Let a = 8 + c. What is the tens digit of 294/a + 3/12?
3
Suppose 810*b = 803*b + 805. What is the tens digit of b?
1
Let a(u) = -3*u - 45. Let h be a(-16). Suppose -5*l - 7*y + h*y = -1051, 2*l - y - 410 = 0. What is the tens digit of l?
0
Suppose k + 1 - 89 = 0. Suppose -z = -n + 89, -4*z - 24 = n - k. What is the tens digit of n?
8
Suppose 68 + 725 = j - 2*y, 0 = 5*j + 2*y - 3917. What is the tens digit of j?
8
Let n(d) = 3*d**2 + 9*d + 101. What is the tens digit of n(10)?
9
Let y(b) = 32*b**2 + 10*b + 12. What is the hundreds digit of y(-5)?
7
Let k = -4133 + 8733. What is the units digit of k?
0
Suppose 5*m - 4*m + 4*o - 27 = 0, -5*m + 4*o + 15 = 0. Let s be (3 - (1 - 1)) + 1. What is the units digit of (-93)/(-21) + s/m?
5
Suppose -g + 4*k + 11 + 6 = 0, 3*g - 7 = k. Let l = g - 9. What is the units digit of (-2 + 52/l)*-4?
4
Let n = -70 - -61. What is the units digit of (0 + 111)/(n/(-6))?
4
Let u(y) = -3*y**2 + 4*y**2 + 0*y**2 + 3 + 6*y. Let x(m) = -m**2 + 12*m - 19. Let j be x(11). What is the tens digit of u(j)?
1
Suppose 240 = -s + 6*s. Let f be (10/15)/(1/(87/(-2))). Let z = f + s. What is the units digit of z?
9
Let d be ((-8)/(-10))/((-8)/(-60)). Let q be (4/d)/((-14)/(-63)). Suppose -5*w = -2*n - 239 - 106, w + q*n = 69. What is the units digit of w?
9
Suppose 0 = 21*x - 31*x + 210. What is the units digit of x?
1
What is the tens digit of 42/(-2 - -8) + 1351?
5
What is the tens digit of (-2)/(-1 + -1)*996?
9
Let w(y) = y**2 - 19*y + 37. Let z be w(17). Suppose -6*s = -2*s - 440. Suppose 2*c - 3*c + z*d + 22 = 0, -5*c - d = -s. What is the tens digit of c?
2
Suppose -28*o + 2640 = -17*o. What is the units digit of o?
0
Suppose 3*b + 6*b = 126. Suppose 0 = 9*p - b*p - 1340. What is the tens digit of 1/(-2) - p/8?
3
Let t = 1 - 5. Let h be t/(-6)*30/4. Suppose 4*u + 0*o + o - 80 = 0, 100 = h*u + 4*o. What is the tens digit of u?
2
Suppose 2*b - b = 1. Let c = b + 3. Suppose 61 = 4*m + m - c*v, -m + 5*v + 8 = 0. What is the units digit of m?
3
Suppose 3*x - 5224 = -5*j, 3*j + 16 = -j. What is the tens digit of x?
4
Suppose -20 = 5*s, -3*y + 0*s = 5*s - 1135. What is the tens digit of y?
8
Let w(k) = 11*k + 13. Let c be (-6)/(-27) - (-7)/(252/208). What is the units digit of w(c)?
9
Suppose 2*q + 69 = 5*v, -v = -2*q - 0 - 17. Let w(m) = -14 - 3 + 12*m**2 + 17*m - 2 - m**3. What is the tens digit of w(v)?
3
Suppose 4*f - 915 = 581. Suppose g + f = 3*g + z, -3*z + 558 = 3*g. What is the tens digit of g?
8
Suppose -n + b - 2*b + 20 = 0, -2*n + 4*b + 22 = 0. Suppose 3*a - n = -5. Let l = -1 + a. What is the units digit of l?
3
Suppose 2878 = 3*n - 4*m, -3*n - m + 2*m = -2893. What is the hundreds digit of n?
9
Suppose v - 675 = -5*l, -2*v + 7*v - 3375 = -5*l. What is the hundreds digit of v?
6
Let j = -7 + 590. Suppose -j = -4*n + 5*s, -4*s = 4*n - 694 + 102. What is the hundreds digit of n?
1
Let x = -86 + 160. Let v = x - -90. What is the units digit of v?
4
What is the units digit of -6 + 8 + 1/((-2)/(-146))?
5
Suppose 104 - 101 = r. Suppose -652 = -4*i - 0*f - 3*f, 0 = r*i - f - 502. What is the units digit of i?
6
Suppose -855 = -3*c - 3*i, -4*c + 10 = -3*i - 1109. What is the tens digit of c?
8
Let o = -34 + 37. Suppose -o*h + 13*h = 940. What is the tens digit of h?
9
Suppose -28*r + 7602 = -30282. What is the thousands digit of r?
1
What is the units digit of (7/14)/((-826)/276 - -3)?
9
Suppose 10*m - 8430 = -950. What is the units digit of m?
8
Suppose -n + j - 808 = 5*j, n + 3*j = -809. Let p = -477 - n. What is the units digit of p?
5
Let u = 2084 - -1200. What is the tens digit of u?
8
Suppose 2*r + 338 = 5*i, r + 221 = 5*i - 113. What is the units digit of i?
6
Suppose -17*r = r - 7434. What is the tens digit of r?
1
Suppose -5*z + 2*m = -6*z + 2994, z = -3*m + 2990. What is the hundreds digit of z?
0
Suppose 5*j + 5*n - 6147 = 18, 3*j = 2*n + 3719. What is the tens digit of j?
3
Let u(w) = -7*w**3 - 3*w**2 + 2*w. Let a be u(2). Suppose t = -3*q + 2*q - 42, -3*q = -3*t - 114. Let c = t - a. What is the tens digit of c?
2
Suppose 4*f = 126 + 2. What is the units digit of f?
2
Suppose -4 = -2*g + 2. Let y be -5*(2 + 1)/g. What is the units digit of 1*2/y*-20?
8
Suppose -5 = 5*z + c, -3*z - 3*c - 12 - 3 = 0. Suppose z = -5*p - 482 + 1882. What is the tens digit of p?
8
Let l = 39 + -28. Suppose 4*v - l = -3*t, -3*v - 5*t = -v - 9. What is the units digit of v?
2
What is the tens digit of (-36399)/(-66) + 3/2?
5
Let k(a) = 111*a - 1. Let y(j) = 112*j. Let l(s) = -2*k(s) + 3*y(s). Let i be l(-1). What is the tens digit of ((-1)/(-2))/((-2)/i)?
2
Let d = -379 + 377. Let w(r) = 35*r - 9. Let f(i) = 18*i - 5. Let p(c) = 5*f(c) - 3*w(c). What is the units digit of p(d)?
2
Let k be 6*(-2)/(-3) + -3. Let j(t) = -t - k - 19*t**3 + 0 + 0*t. What is the units digit of j(-1)?
9
Let d(n) = n**2 + 6*n + 180. What is the tens digit of d(-29)?
4
Suppose o - 48 = -o. Suppose 0 = y + o - 85. What is the units digit of y?
1
Let g be (12 - 10)/(-2 + 0). Let v be (522/(-27))/(g/(-3)). Let x = v - -97. What is the tens digit of x?
3
Let t be 8/4*(-12)/(-8). Suppose -4*l = r - 110, -t*r - 62 = -0*l - 2*l. What is the units digit of (-3)/(-3) - l/(-4)?
8
Suppose 12*x + 3232 = 12376. What is the tens digit of x?
6
Let b = -1154 + 7226. What is the units digit of b?
2
Suppose -15*w + 11570 = -58885. What is the hundreds digit of w?
6
Let b = -5 + 7. Let n = 1 + b. What is the units digit of (-363)/(-6) + n/6?
1
Let h = -6 + 7. Let n(z) = 0 + 0*z - 3 + 4 + 19*z. What is the tens digit of n(h)?
2
Let u(m) = 107*m**2 - 10*m - 1. What is the units digit of u(3)?
2
Suppose 25*t = t + 9384. What is the tens digit of t?
9
Suppose 6*k + 12 = 10*k. Suppose x - 328 = -k*x. What is the tens digit of x?
8
What is the hundreds digit of -52*-1*(-44)/(-8)?
2
Suppose 0 = 3*i - 33 + 6. What is the units digit of (-1)/(-3) - (-762)/i?
5
Let s(a) = 128*a**2 + 3*a + 6. Let k be s(-4). Suppose k = 7*m - 380. What is the units digit of m?
6
Suppose 5*x = 3*o - 8, x - 18 = -4*o + 4*x. Let h = o - 4. What is the tens digit of 58/3 - h/6?
1
Suppose 547 + 773 = f. What is the tens digit of f?
2
Suppose 0*a - a = 4. Let b = 58 - a. What is the units digit of b?
2
Suppose 14*b - 38 = 18. Suppose b*r = -4*r + 464. What is the tens digit of r?
5
Let t be (1 - -2)*(-105)/(-9). Let v = 32 + -9. Let s = t + v. What is the tens digit of s?
5
Let x(s) = s + 2. Let r be x(20). Let a(w) = 3*w + 1. Let l be a(2). Suppose 0 = 3*p - r + l. What is the units digit of p?
5
Suppose 4*k - 17 = -v, 0 = -5*k + 5. Let m be (-210)/27 + (-4)/18. Let g = m + v. What is the units digit of g?
5
Suppose 3*a = 2*r + a + 24, -4*r + a - 39 = 0. Let q = 16 + -19. What is the units digit of (-14)/(-6) - q/r?
2
Let p = 950 - 578. Suppose -10*k + p = -7*k. What is the hundreds digit of k?
1
Let z(a) = 804*a - 344. What is the thousands digit of z(6)?
4
Suppose -14240 - 6064 = -9*c. Suppose -4*b + c = -0*b. What is the tens digit of (2/(-6))/((-4)/b)?
4
Suppose 2*c - 4 = 3*d + 15, 0 = 2*d + 4*c + 18. Let a = 13 + d. Suppose a = 2*v, 0*o - 2*o - 3 = -3*v. What is the units digit of o?
3
Let p(a) = 4*a - 12. Let h be p(-5). Let l be (6/4)/(12/h). What is the units digit of (-1 + l)*(7 + -8)?
5
Suppose 0 = -5*j - r + 1350, 2*j + 2*r = 77 + 4